4*w + 7. Give i(6).
-5
Let d(v) = -16*v + 2. Give d(-6).
98
Let s(x) = -24*x. What is s(1)?
-24
Let w(z) = 13*z**2 - 3*z - 2. What is w(-2)?
56
Let s(d) = -d**3 + 18*d**2 - d + 23. Calculate s(18).
5
Let q(x) = 5*x + 149. Calculate q(-31).
-6
Let o(i) = -5*i**2 - 24*i + 13. Determine o(-8).
-115
Let y(g) = g**3 + 6*g**2 - 8*g - 5. What is y(-7)?
2
Let k(b) = -b**3 - 5*b**2 - 3*b - 7. Give k(-3).
-16
Let u(v) = 2*v - 5. What is u(4)?
3
Let p(o) = -o**3 + 6*o**2 + 9*o - 1. Determine p(-2).
13
Let b(z) = z**3 - 5*z**2 - 10*z + 11. What is b(7)?
39
Let k(r) = 9*r**2 + 3*r. Give k(-2).
30
Let k(r) = -2*r**3 - 15*r**2 - 6*r + 4. Determine k(-7).
-3
Let v(u) = 2*u + 7. Determine v(-11).
-15
Let r(c) = c**2 - 29*c - 62. What is r(-2)?
0
Let g(m) = 9*m**2 + 2*m. Calculate g(-3).
75
Let t(r) = r**2 - 3*r - 37. Give t(9).
17
Let t(x) = -6*x - 12. Give t(-3).
6
Let i(m) = m**3 - 9*m**2 + m - 2. What is i(4)?
-78
Let d(n) = -n**2 - 31*n - 46. Determine d(-30).
-16
Let g(o) = 2*o - 13. Calculate g(2).
-9
Let p(b) = -2*b**2 - 59*b + 120. Determine p(2).
-6
Let c(o) = -o**2 + 6*o - 11. Give c(4).
-3
Let k(z) = 28*z**3 + z**2 - 5*z + 2. Give k(2).
220
Let o(x) = -x**3 + 3*x**2 - 10*x + 102. Calculate o(5).
2
Let u(n) = -5*n + 57. Determine u(10).
7
Let z(a) = -a - 15. What is z(-3)?
-12
Let r(b) = -3*b**2 + 22*b - 24. Determine r(1).
-5
Let x(i) = 4*i - 111. Calculate x(28).
1
Let k(x) = 3*x**3 + 41*x**2 - 15*x - 13. Give k(-14).
1
Let m(z) = -2*z**2 - 12*z - 11. Determine m(-5).
-1
Let v(b) = 8*b + 1. Calculate v(-1).
-7
Let i(f) = f**2 - 8*f - 93. Determine i(13).
-28
Let i(t) = 2*t**2 - 31*t - 8. What is i(16)?
8
Let m(x) = 5*x + 4. Determine m(-2).
-6
Let o(x) = x**3 + 3*x**2 - 9*x - 15. Calculate o(-4).
5
Let b(c) = c**2 + 12*c + 21. What is b(-8)?
-11
Let c(a) = a**3 - 9*a**2 + 5*a + 6. Give c(6).
-72
Let s(q) = -3*q + 1. Calculate s(1).
-2
Let k(f) = f**3 + 7*f**2 - 8. Calculate k(-6).
28
Let b(d) = -d**3 + 12*d**2 + 14*d - 10. Determine b(13).
3
Let m(r) = 9*r - 27. Give m(5).
18
Let k(v) = -60*v + 1. Calculate k(1).
-59
Let n(p) = p**3 - 10*p**2 - p + 7. Calculate n(9).
-83
Let x(l) = 3*l**2 - 20*l - 32. Give x(8).
0
Let a(f) = -f**2 + 2*f + 4. Calculate a(0).
4
Let z(a) = -a**2 - 8*a + 8. What is z(-7)?
15
Let k(v) = v**3 - v**2 - 5*v + 7. What is k(-3)?
-14
Let x(c) = 9*c - 106. What is x(11)?
-7
Let l(k) = -k**3 - 15*k**2 - 5*k + 126. Give l(-14).
0
Let m(t) = t**2 - 18*t - 30. What is m(21)?
33
Let d(i) = -5*i + 32. Calculate d(6).
2
Let q(t) = t**3 + 8*t**2 + 2*t + 9. Give q(-8).
-7
Let r(k) = 23*k - 1. What is r(1)?
22
Let s(h) = h**3 + 8*h**2 - 10*h - 3. Determine s(-9).
6
Let f(l) = -l**3 - 4*l**2 + 6*l + 8. Give f(-5).
3
Let o(p) = -4*p**2 - 3*p - 2. Calculate o(-1).
-3
Let k(v) = v - 23. Give k(8).
-15
Let m(j) = -2*j + 46. Give m(18).
10
Let k(b) = b**3 - 20*b**2 + 42*b - 13. Give k(17).
-166
Let t(b) = 11*b - 349. Calculate t(32).
3
Let f(y) = 6*y + 27. Give f(-5).
-3
Let v(m) = m**2 + 8*m + 1. What is v(-7)?
-6
Let x(l) = -6*l + 69. Calculate x(13).
-9
Let c(g) = -6*g**2 + 4. Determine c(5).
-146
Let o(x) = -2*x + 15. Give o(15).
-15
Let w(x) = 5*x - 13. Give w(15).
62
Let d(z) = -z**2 - 15*z - 25. What is d(-13)?
1
Let q(c) = c**3 - 13*c**2 + 15*c - 13. What is q(12)?
23
Let i(q) = 2*q**2 - 23*q + 23. What is i(10)?
-7
Let l(c) = -c**2 + 5*c - 14. Give l(7).
-28
Let z(g) = -25*g - 169. Give z(-7).
6
Let t(w) = 2*w + 33. Calculate t(-17).
-1
Let f(o) = -20*o**2. Determine f(1).
-20
Let a(g) = -9*g - 101. Determine a(-12).
7
Let r(c) = 9*c + 21. Calculate r(-7).
-42
Let i(l) = l**3 + 11*l**2 + 8*l - 9. Give i(-10).
11
Let g(j) = j**3 - 35*j**2 - 41*j + 170. Give g(36).
-10
Let b(q) = -q**2 + 10*q + 11. Determine b(11).
0
Let z(a) = -a**2 + 7*a + 2. What is z(7)?
2
Let i(z) = -z**2 + 3*z + 6. Calculate i(-4).
-22
Let s(a) = -2*a + 13. Give s(5).
3
Let j(f) = -70*f + 220. Give j(3).
10
Let u(b) = -9*b + 25. What is u(4)?
-11
Let m(n) = n**2 - 4*n - 39. Calculate m(9).
6
Let d(j) = -j**3 + 28*j**2 + j - 29. Calculate d(28).
-1
Let d(s) = -s**3 - s**2 + 2*s - 1. What is d(-2)?
-1
Let r(h) = h**3 - 12*h**2 - 13. Give r(12).
-13
Let u(h) = -h**3 - 3*h**2 + 5*h + 11. Calculate u(-4).
7
Let w(b) = -3*b**2 - 12*b - 8. Give w(-4).
-8
Let g(x) = x**3 - 11*x**2 - x + 15. Give g(11).
4
Let r(o) = o**2 + 6*o. Determine r(-6).
0
Let y(q) = -q**3 + 2*q**2 - 3*q - 13. Determine y(-2).
9
Let w(f) = f**3 - 10*f**2 + 2*f - 20. What is w(10)?
0
Let u(v) = -v**2 + 15*v + 5. What is u(15)?
5
Let s(q) = -17*q - 80. What is s(-5)?
5
Let s(b) = b**3 - 3*b**2 - 2*b - 4. Calculate s(4).
4
Let m(k) = -k**3 - 2*k**2 + k + 1. What is m(-3)?
7
Let z(f) = 16*f - 14. Calculate z(2).
18
Let x(f) = -32*f**2 - 2*f + 1. Determine x(1).
-33
Let r(c) = -c**2 + 11*c - 27. What is r(10)?
-17
Let y(d) = -d**2 - 12*d - 10. Determine y(-12).
-10
Let b(m) = m**2 - 4*m + 5. Give b(2).
1
Let u(i) = -9*i - 300. Give u(-33).
-3
Let c(l) = -23*l + 178. Give c(8).
-6
Let p(a) = -a**3 + 22*a**2 - 20*a + 41. Give p(21).
62
Let f(r) = 6*r**2 + 20. Determine f(0).
20
Let s(i) = 2*i**2 + 4*i + 2. Give s(-4).
18
Let v(u) = 2*u**2 - 20*u - 37. Calculate v(11).
-15
Let s(u) = -10*u**3 + 2*u**2 - 1. What is s(1)?
-9
Let w(f) = f**2 + 23*f - 12. Calculate w(-23).
-12
Let b(n) = 9*n - 6. Determine b(-9).
-87
Let g(n) = -n**2 - 13*n + 114. Calculate g(6).
0
Let u(i) = i**2 + 20*i + 63. Calculate u(-4).
-1
Let r(j) = j**2 + 10*j + 14. Determine r(-10).
14
Let h(q) = q**2 - 2*q - 2. Calculate h(-2).
6
Let i(r) = -3*r + 18. Determine i(3).
9
Let i(a) = -3*a + 3. Calculate i(3).
-6
Let k(o) = -o**3 + 5*o**2 - 4*o + 1. What is k(4)?
1
Let b(z) = 3*z**3 + 4*z**2 - 3*z. Determine b(-2).
-2
Let l(n) = -10*n - 18. Determine l(-6).
42
Let r(w) = w**3 - w**2 - 3*w. What is r(0)?
0
Let i(a) = -16*a + 1. Calculate i(2).
-31
Let u(k) = -2*k + 11. Determine u(4).
3
Let l(k) = 9*k**2 + 4*k + 8. Calculate l(-3).
77
Let s(r) = 3*r**2 + 3*r - 1. Give s(-3).
17
Let r(z) = -z**3 + 5*z**2 + 4*z - 5. Give r(4).
27
Let k(v) = 27*v**3 - 4*v + 3. Calculate k(1).
26
Let w(p) = -p - 2. What is w(3)?
-5
Let y(h) = 4*h - 135. Determine y(27).
-27
Let y(k) = 2*k**2 + 5*k - 58. Give y(6).
44
Let j(z) = 2*z**2 + 6*z. What is j(-4)?
8
Let j(u) = -u**3 + 26*u**2 - 120*u + 2. Calculate j(6).
2
Let m(p) = p**3 - 10*p**2 + 24*p + 1. What is m(6)?
1
Let m(i) = -i**3 - 15*i**2 - 37*i - 5. Calculate m(-12).
7
Let a(s) = 2*s**2 - 13*s - 9. Calculate a(6).
-15
Let n(r) = -r**3 - 2*r**2 - r + 47. Calculate n(0).
47
Let d(j) = -3*j - 23. What is d(-9)?
4
Let p(u) = -4*u - 26. Give p(11).
-70
Let m(w) = 3*w**2 + 26*w + 12. Calculate m(-8).
-4
Let a(w) = -96*w + 1247. Determine a(13).
-1
Let g(m) = -4*m**2 - 2*m - 4. Give g(4).
-76
Let t(d) = -2*d**2 + 7*d + 70. Calculate t(8).
-2
Let a(m) = -m**2 + 14*m - 11. What is a(15)?
-26
Let z(s) = s**2 + 14*s. Give z(-13).
-13
Let d(f) = -4*f**3 - 10*f - 10. What is d(-1)?
4
Let b(w) = -w**3 - 10*w**2 - 20*w + 2. Calculate b(-7).
-5
Let x(z) = 7*z - 21. Give x(13).
70
Let m(s) = -16*s + 3. Calculate m(3).
-45
Let z(y) = -y**2 + 19*y + 20. What is z(20)?
0
Let m(p) = 3*p**2 - 125*p - 25. Give m(42).
17
Let v(c) = -c**3 - 8*c**2 + 13. Determine v(-5).
-62
Let i(h) = 7*h**3 + 3*h**2 + h - 3. What is i(1)?
8
Let j(f) = -f**3 - 5*f**2 - f + 9. Calculate j(-5).
14
Let p(k) = k**3 + 9*k**2 + 7*k - 7. What is p(-8)?
1
Let o(s) = 5*s + 9. Determine o(-3).
-6
Let f(j) = j**3 + 9*j**2 - 5*j - 24. Determine f(-9).
21
Let z(o) = -o**3 - 6*o**2 - o - 5. Give z(-6).
1
Let p(f) = 15*f + 7. What is p(-3)?
-38
Let i(y) = -86*y + 4. What is i(2)?
-168
Let w(z) = 2*z**2 + 6*z - 37. Determine w(-10).
103
Let n(d) = d**3 + 12*d**2 + 4*d + 38. Give n(-12).
-10
Let r(c) = 28*c - 612. What is r(22)?
4
Let n(c) = c**3 - 9*c**2 + 15*c + 3. Calculate n(7).
10
Let o(y) = -y + 15. Determine o(6).
9
Let c(a) = a**2 + a + 11. What is c(-4)?
23
Let n(p) = -2*p + 2. What is n(8)?
-14
Let b(p) = p**3 + 8*p**2 + 10*p + 7. Give b(-6).
19
Let y(u) = u**2 + 2. Determine y(7).
51
Let v(h) = -4*h + 16. What is v(-8)?
48
Let h(s) = -21*s - 489. Calculate h(-23).
-6
Let u(h) = -h**3 + 4*h**2 + 8*h - 9. Calculate u(4).
23
Let j(b) = 3*b + 17. Determine j(4).
29
Let r(v) = -2*v**3 - v**2 + v - 1. Calculate r(-2).
9
Let r(m) = -7*m**2 - 127*m - 1